166. Determine q(69).
-1822
Let q(u) = -241*u - 2360. Determine q(-14).
1014
Let i(p) = -p**2 - 222*p - 11042. Determine i(-76).
54
Let d(j) = -j**2 + 415*j + 120591. Calculate d(-197).
27
Let s(h) = 1050*h + 7174. Determine s(-5).
1924
Let v(t) = 209*t**2 - 16929*t - 6. Give v(81).
-6
Let t(a) = a**2 + 4005*a + 122988. Give t(-31).
-206
Let v(y) = -245298*y - 1471803. Calculate v(-6).
-15
Let q(b) = -114*b**3 - 1483*b**2 - 25*b - 135. Determine q(-13).
21
Let v(g) = -1599*g - 86319. Calculate v(-54).
27
Let b(s) = -4*s**2 - 16553*s + 99380. Determine b(6).
-82
Let b(j) = 35*j**3 - 310*j**2 - 18. Determine b(9).
387
Let t(n) = -n**3 + 176*n**2 - 514*n + 53. Determine t(173).
918
Let z(x) = 31603*x + 821683. Give z(-26).
5
Let r(j) = -197*j - 39283. What is r(-201)?
314
Let w(i) = 150235*i - 2403779. Calculate w(16).
-19
Let z(x) = 6*x**3 - 127*x**2 - 968*x - 60. What is z(-6)?
-120
Let f(n) = -499*n**3 - n**2 + 12*n - 9. Calculate f(1).
-497
Let f(b) = -555*b - 5602. Determine f(-10).
-52
Let o(b) = 245525*b - 1227759. Determine o(5).
-134
Let c(z) = -11526*z - 2443497. Determine c(-212).
15
Let p(l) = 3*l**3 - 1523*l**2 + 1023*l - 4118. What is p(507)?
445
Let c(w) = -12*w**2 + 1807*w - 2978. Calculate c(149).
-147
Let y(l) = l**3 + 12*l**2 - 376*l - 2861. Give y(-7).
16
Let y(l) = -2672*l + 149955. Give y(56).
323
Let f(m) = 2*m**2 + 1745*m + 380317. Determine f(-449).
14
Let t(r) = -3*r**2 - 12605*r + 534748. Determine t(42).
46
Let d(q) = -q**3 + 86*q**2 + 258*q + 9203. Calculate d(90).
23
Let s(g) = 2*g**3 - 39*g**2 + 5*g - 539. Give s(20).
-39
Let u(j) = -1851*j**3 + j**2 - 158*j + 155. Give u(1).
-1853
Let v(x) = 3*x**2 + 3968*x + 27730. Calculate v(-7).
101
Let a(z) = 8*z**2 + 88*z + 285. What is a(-4)?
61
Let j(h) = 11560*h + 1213793. What is j(-105)?
-7
Let s(n) = 12213*n - 134357. Determine s(11).
-14
Let l(y) = -1729*y**2 + 10391*y - 73. Give l(6).
29
Let b(r) = -2*r**2 + 422*r + 9954. Calculate b(234).
-810
Let y(w) = w**3 + 6*w**2 + 90*w + 477. Calculate y(-5).
52
Let b(o) = -19*o**2 + 78409*o - 78409. Give b(1).
-19
Let o(s) = -470*s**2 - 131582*s + 5046. What is o(-280)?
6
Let c(s) = 16*s**2 + 1712*s + 176. Determine c(-107).
176
Let z(x) = 23*x**3 + 9*x**2 + 43*x + 94. Calculate z(-2).
-140
Let f(n) = -623*n + 76405. Give f(123).
-224
Let c(b) = -87826*b + 10099980. Determine c(115).
-10
Let u(i) = 17122*i + 376701. Determine u(-22).
17
Let r(o) = -18*o**2 - 241*o - 118. Calculate r(-14).
-272
Let b(a) = -2*a**2 - 474*a - 28002. Calculate b(-112).
-2
Let v(a) = 550*a + 2235. What is v(-4)?
35
Let x(n) = -5150*n - 581925. What is x(-113)?
25
Let r(q) = -49*q**2 + 438*q + 5289. What is r(16)?
-247
Let d(t) = -t**2 + 554*t - 29369. What is d(71)?
4924
Let c(k) = 127300*k + 254588. Calculate c(-2).
-12
Let n(k) = 71*k + 13118. Give n(-185).
-17
Let o(x) = -13878*x - 1762509. Give o(-127).
-3
Let c(o) = o**3 + 52*o**2 - 1196*o - 60575. Give c(-53).
4
Let f(q) = 17531*q - 981751. What is f(56)?
-15
Let g(r) = -4*r**3 - 453*r**2 - 92*r + 181. Determine g(-113).
-2192
Let s(v) = 23*v**2 - 475*v + 2593. Calculate s(8).
265
Let m(n) = n**3 - 68*n**2 + 435*n - 34. Determine m(7).
22
Let m(r) = -30343*r - 758606. Determine m(-25).
-31
Let n(h) = -696*h**2 - 45935*h + 52. Calculate n(-66).
-14
Let q(w) = -154781*w - 68. Give q(0).
-68
Let g(w) = 37361*w + 635175. Give g(-17).
38
Let n(q) = 40179*q + 763416. Give n(-19).
15
Let t(i) = 39*i**2 + 91*i + 496. Calculate t(-10).
3486
Let q(h) = -4827*h - 40242. Determine q(-9).
3201
Let o(g) = 71*g**2 - 326*g - 17. Determine o(-5).
3388
Let t(b) = b**2 - 317*b + 26576. What is t(145)?
1636
Let t(s) = -116*s**2 - 52*s + 4. Determine t(2).
-564
Let a(s) = -21025*s + 42998. What is a(2)?
948
Let h(s) = 51*s**2 - 696*s + 1387. Determine h(2).
199
Let q(j) = -j**3 - 1020*j**2 + 22772*j - 158377. What is q(-1042)?
7
Let p(g) = -235*g - 251. What is p(-1)?
-16
Let r(l) = -230*l**2 + 580*l + 2828. Give r(5).
-22
Let z(f) = 47*f**3 + 6*f**2 + 160*f + 155. Determine z(-1).
-46
Let y(j) = j**2 - 500*j + 51280. What is y(144)?
16
Let w(r) = 20364*r - 1323666. Calculate w(65).
-6
Let z(h) = 2297794*h - 27573533. Give z(12).
-5
Let q(u) = u**3 - 42*u**2 - 600*u + 892. Calculate q(53).
-9
Let y(m) = m**3 - 5*m**2 - 81*m + 688. Calculate y(12).
724
Let k(g) = 1415*g + 192356. What is k(-136)?
-84
Let m(d) = d**3 - 228*d**2 + 12983*d - 166. Calculate m(119).
1262
Let v(y) = y**3 + 269*y**2 + 14430*y + 26. Determine v(-195).
26
Let s(a) = -a**3 + 32*a**2 + 14*a - 18. What is s(-1)?
1
Let f(a) = -6*a**3 - 57*a**2 + 96*a - 30. Calculate f(-11).
3
Let h(v) = 18*v**2 + 32*v - 221. Determine h(7).
885
Let q(x) = 5*x**3 - 2465*x**2 - 213*x + 105039. Calculate q(493).
30
Let n(w) = -42*w + 1284. What is n(33)?
-102
Let b(j) = 7*j**2 + 25*j - 161. Determine b(8).
487
Let k(c) = 10*c**2 - 2410*c - 4870. Calculate k(-2).
-10
Let b(a) = -a**3 - 16*a**2 + 899*a + 151. What is b(23)?
197
Let j(c) = -c**3 - 618*c**2 + 233*c + 144013. Calculate j(-618).
19
Let d(u) = -70*u**2 - 2605*u + 5483. Calculate d(2).
-7
Let o(c) = 13*c**3 + 71*c**2 - 162*c - 724. What is o(-6)?
-4
Let q(x) = 3*x**2 + 137*x - 365. Give q(-47).
-177
Let h(y) = -15*y**3 + 22*y**2 + 48*y + 33. Calculate h(-1).
22
Let n(p) = 10*p**3 + 48*p**2 + 157*p - 59. What is n(-8)?
-3363
Let g(s) = 2*s**3 + 32*s**2 + 232*s + 3648. What is g(-16)?
-64
Let j(d) = 302*d + 5659. Calculate j(-21).
-683
Let u(r) = 93*r**3 - 4000*r**2 + 47*r - 175. What is u(43)?
-3
Let t(b) = b**2 + 2337*b + 27879. Give t(-12).
-21
Let r(h) = -h**3 - 76*h**2 + 211*h + 10431. Determine r(-77).
113
Let t(j) = -640*j + 5590. Calculate t(9).
-170
Let v(b) = b**2 + 47622*b + 523722. What is v(-11)?
1
Let u(h) = h**3 + 345*h**2 + 308*h - 12388. Calculate u(-344).
-4
Let i(c) = -c**2 - 6823*c + 47822. Calculate i(7).
12
Let d(g) = -g**3 - 297*g**2 - 1212*g - 9. Give d(-4).
151
Let n(g) = 198*g**2 - 28*g - 857. What is n(-2)?
-9
Let u(b) = -b**3 - 200*b**2 + 3388*b - 8033. What is u(13)?
14
Let v(i) = -16078*i - 1045066. Determine v(-65).
4
Let b(n) = 3*n**3 + 17*n**2 + 4334*n + 26106. Determine b(-6).
66
Let b(i) = i**3 + 28*i**2 - 159*i - 5494. Determine b(-26).
-8
Let v(c) = c**3 + 141*c**2 - 1295*c + 8236. Give v(-150).
-14
Let l(d) = -2*d**3 - 43*d**2 - 208*d + 188. Give l(-13).
19
Let y(q) = q**3 - 23*q**2 - 30*q - 485. Calculate y(25).
15
Let n(s) = 11198*s + 224079. What is n(-20)?
119
Let q(b) = -7467*b + 104561. Calculate q(14).
23
Let d(i) = i**3 - 7*i**2 - 5*i - 928. Give d(0).
-928
Let n(z) = -17*z**3 + 930*z**2 + 276*z - 119. Determine n(55).
-64
Let q(g) = -58449*g + 292236. Calculate q(5).
-9
Let u(i) = 8*i**2 + 284*i + 2327. Give u(-13).
-13
Let c(y) = -y**3 + 100*y**2 - 7*y + 2028. What is c(100)?
1328
Let p(x) = -15*x**3 - 929*x**2 + 12*x - 3093. What is p(-62)?
7
Let o(l) = -4*l**3 + 70*l**2 + 351*l - 5634. What is o(18)?
36
Let q(i) = -710*i - 782398. What is q(-1102)?
22
Let b(y) = 956*y - 11164. Give b(14).
2220
Let y(k) = -k**3 - 76*k**2 - 410*k + 1002. Determine y(-70).
302
Let r(g) = -g**3 + 53*g**2 + 68*g - 689. Calculate r(54).
67
Let p(v) = -83306*v - 2332579. Determine p(-28).
-11
Let o(f) = 4*f**2 - 2542*f - 55148. What is o(-21)?
-2
Let c(l) = 229*l + 15620. Determine c(-68).
48
Let o(d) = d**2 - 547449*d + 4379508. Determine o(8).
-20
Let q(v) = 10*v**3 + 99*v**2 + 20*v + 172. Give q(-10).
-128
Let v(g) = -6635*g + 59765. Determine v(9).
50
Let m(o) = -13*o**2 - 696*o + 825. Give m(-55).
-220
Let g(r) = -4*r**2 - 532*r - 1044. Give g(-2).
4
Let q(y) = 2*y**2 + 2653*y - 18614. What is q(7)?
55
Let y(u) = -134*u - 1461. Determine y(-12).
147
Let z(b) = -b**2 + 923*b - 8979. Determine z(10).
151
Let a(g) = 5*g**2 - 13*g - 2933. Calculate a(-22).
-227
Let i(z) = -z**2 + 207*z - 8732. Calculate i(148).
0
Let v(s) = s**3 + 360*s**2 - 4852*s - 22. Give v(13).
-61
Let l(s) = -3*s**3 + 120*s**2 + 141*s - 690. Calculate l(41).
48
Let u(y) = 25*y**2 - 1778*y + 16613. Calculate u(60).
-67
Let j(b) = 6*b**2 - 32*b - 458. Determine j(-13).
972
Let f(u) = -185696*u + 8913410. Determine f(48).
2
Let u(c) = -42*c + 353. Calculate u(8).
17
Let s(h) = -15*h**2 + 269*h + 60. Calculate s(17).
298
Let c(n) = -4*n**3 + 195*n**2 - 1398*n - 97. Give c(40).
-17
Let s(t) = -1265*t + 2541.